{"id":901,"date":"2015-11-13T13:12:19","date_gmt":"2015-11-13T13:12:19","guid":{"rendered":"http:\/\/www.jatur.ch\/?page_id=901"},"modified":"2016-06-06T22:09:03","modified_gmt":"2016-06-06T22:09:03","slug":"faire-un-don","status":"publish","type":"page","link":"https:\/\/jatur.ch\/?page_id=901","title":{"rendered":"Faire un don"},"content":{"rendered":"<p>Vous pouvez faire vos dons g\u00e9n\u00e9reux directement sur notre compte:<\/p>\n<p><strong>Association JATUR<\/strong><\/p>\n<p>Maison des Associations<\/p>\n<p>Rue des Savoises 15<\/p>\n<p>1205 Gen\u00e8ve<\/p>\n<p>IBAN\u00a0: <strong>CH04 0900 0000 1711 8965 1<\/strong><\/p>\n<p>Post Finance<\/p>\n","protected":false},"excerpt":{"rendered":"<p>Vous pouvez faire vos dons g\u00e9n\u00e9reux directement sur notre compte: Association JATUR Maison des Associations Rue des Savoises 15 1205 Gen\u00e8ve IBAN\u00a0: CH04 0900 0000 1711 8965 1 Post Finance<\/p>\n","protected":false},"author":1,"featured_media":0,"parent":0,"menu_order":0,"comment_status":"closed","ping_status":"open","template":"","meta":[],"_links":{"self":[{"href":"https:\/\/jatur.ch\/index.php?rest_route=\/wp\/v2\/pages\/901"}],"collection":[{"href":"https:\/\/jatur.ch\/index.php?rest_route=\/wp\/v2\/pages"}],"about":[{"href":"https:\/\/jatur.ch\/index.php?rest_route=\/wp\/v2\/types\/page"}],"author":[{"embeddable":true,"href":"https:\/\/jatur.ch\/index.php?rest_route=\/wp\/v2\/users\/1"}],"replies":[{"embeddable":true,"href":"https:\/\/jatur.ch\/index.php?rest_route=%2Fwp%2Fv2%2Fcomments&post=901"}],"version-history":[{"count":2,"href":"https:\/\/jatur.ch\/index.php?rest_route=\/wp\/v2\/pages\/901\/revisions"}],"predecessor-version":[{"id":973,"href":"https:\/\/jatur.ch\/index.php?rest_route=\/wp\/v2\/pages\/901\/revisions\/973"}],"wp:attachment":[{"href":"https:\/\/jatur.ch\/index.php?rest_route=%2Fwp%2Fv2%2Fmedia&parent=901"}],"curies":[{"name":"wp","href":"https:\/\/api.w.org\/{rel}","templated":true}]}}